tor of 2078454?
False
Does 498 divide 391919?
False
Does 399 divide 415405?
False
Is 58 a factor of 10564700?
True
Does 22 divide 715682?
True
Does 448 divide 26880?
True
Is 87 a factor of 4248732?
True
Does 273 divide 133959?
False
Is 9913050 a multiple of 119?
False
Is 3896586 a multiple of 18?
True
Does 25 divide 26500?
True
Is 29 a factor of 24503?
False
Is 48 a factor of 1160357?
False
Does 12 divide 312479?
False
Is 4177676 a multiple of 107?
False
Is 659992 a multiple of 3?
False
Does 3 divide 66651?
True
Does 39 divide 332319?
True
Is 4435319 a multiple of 109?
True
Is 137753 a multiple of 9?
False
Is 578 a factor of 2231658?
True
Is 583076 a multiple of 96?
False
Is 26 a factor of 540384?
True
Is 82 a factor of 442750?
False
Is 13 a factor of 3985012?
False
Is 96910 a multiple of 10?
True
Is 24 a factor of 243864?
True
Is 173715 a multiple of 489?
False
Does 13 divide 390091?
True
Is 211692 a multiple of 156?
True
Is 3751 a multiple of 6?
False
Is 124775 a multiple of 115?
True
Is 21 a factor of 1138141?
False
Is 5 a factor of 400285?
True
Does 19 divide 3004014?
True
Is 29520 a multiple of 16?
True
Is 183 a factor of 107868?
False
Does 314 divide 11932?
True
Is 218049 a multiple of 4?
False
Is 12 a factor of 943247?
False
Is 9 a factor of 52737?
False
Is 780690 a multiple of 318?
True
Is 8 a factor of 1526504?
True
Is 172 a factor of 28724?
True
Does 15 divide 2714985?
True
Does 47 divide 252625?
True
Does 13 divide 5784208?
False
Does 46 divide 1131531?
False
Is 4 a factor of 5279392?
True
Is 26 a factor of 117884?
True
Is 639216 a multiple of 23?
True
Is 7 a factor of 1694079?
False
Is 12 a factor of 724782?
False
Does 7 divide 6197898?
True
Is 143158 a multiple of 6?
False
Is 283 a factor of 35375?
True
Is 5 a factor of 146685?
True
Does 136 divide 93976?
True
Is 32 a factor of 77313?
False
Is 178719 a multiple of 45?
False
Is 9011130 a multiple of 57?
True
Is 212 a factor of 134950?
False
Is 15 a factor of 10854900?
True
Is 8 a factor of 70878?
False
Is 21 a factor of 505747?
False
Is 364980 a multiple of 35?
True
Is 295043 a multiple of 64?
False
Is 177 a factor of 1206255?
True
Is 22260 a multiple of 60?
True
Is 1960003 a multiple of 7?
False
Is 193475 a multiple of 183?
False
Is 1416626 a multiple of 202?
True
Is 20 a factor of 338160?
True
Is 3 a factor of 91215?
True
Is 110040 a multiple of 35?
True
Does 1741 divide 104460?
True
Is 72597 a multiple of 54?
False
Does 44 divide 20130?
False
Is 13 a factor of 882622?
True
Does 64 divide 84782?
False
Does 10 divide 154095?
False
Is 460006 a multiple of 15?
False
Does 568 divide 9743904?
False
Is 30530 a multiple of 2?
True
Does 45 divide 49184?
False
Is 12246499 a multiple of 269?
False
Does 6 divide 2931232?
False
Is 4 a factor of 1285968?
True
Is 549294 a multiple of 84?
False
Does 178 divide 976457?
False
Does 83 divide 27639?
True
Is 624757 a multiple of 331?
False
Is 116 a factor of 970572?
True
Is 915256 a multiple of 7?
False
Is 16 a factor of 319264?
True
Is 24323 a multiple of 30?
False
Is 198235 a multiple of 41?
True
Does 23 divide 11755645?
True
Does 43 divide 373283?
True
Is 9 a factor of 436602?
False
Is 29 a factor of 164256?
True
Does 519 divide 6651906?
False
Is 390 a factor of 119730?
True
Is 150608 a multiple of 224?
False
Is 176912 a multiple of 16?
True
Is 5618818 a multiple of 87?
False
Does 19 divide 12349620?
True
Is 46 a factor of 18602?
False
Is 432300 a multiple of 11?
True
Does 10 divide 1514778?
False
Is 40 a factor of 1239476?
False
Is 43693 a multiple of 86?
False
Is 14 a factor of 2223704?
True
Is 51264 a multiple of 24?
True
Is 994664 a multiple of 8?
True
Is 64 a factor of 5177409?
False
Is 146091 a multiple of 11?
True
Is 20 a factor of 9940?
True
Does 15 divide 2645385?
True
Is 3148094 a multiple of 901?
True
Is 5544 a multiple of 7?
True
Is 493 a factor of 14409404?
True
Does 17 divide 556036?
True
Does 14 divide 831320?
True
Is 59 a factor of 776735?
True
Is 3138706 a multiple of 94?
False
Does 1003 divide 2237693?
True
Does 38 divide 462954?
True
Is 4670473 a multiple of 17?
False
Does 15 divide 10614661?
False
Is 356 a factor of 1190609?
False
Is 77 a factor of 76846?
True
Is 169648 a multiple of 8?
True
Does 7 divide 11039?
True
Is 9 a factor of 26137?
False
Does 5 divide 2896241?
False
Is 4 a factor of 93650?
False
Does 9 divide 4878?
True
Is 88 a factor of 1378168?
True
Does 222 divide 8214?
True
Is 824207 a multiple of 14?
False
Is 16 a factor of 18851?
False
Is 4 a factor of 1062859?
False
Is 921 a factor of 4427247?
True
Does 29 divide 3757211?
True
Is 3 a factor of 51463?
False
Is 13 a factor of 3241731?
False
Is 116539 a multiple of 144?
False
Is 25 a factor of 23309075?
True
Does 8 divide 191271?
False
Does 22 divide 414964?
True
Is 8 a factor of 2540309?
False
Does 13 divide 530569?
True
Is 829511 a multiple of 55?
False
Is 8 a factor of 171720?
True
Does 55 divide 40787?
False
Does 5 divide 203832?
False
Does 170 divide 6643090?
True
Does 48 divide 1261872?
True
Is 5502237 a multiple of 545?
False
Is 1545832 a multiple of 199?
True
Is 52 a factor of 100100?
True
Does 220 divide 271260?
True
Is 7 a factor of 508032?
True
Is 3 a factor of 548439?
True
Is 28 a factor of 3931172?
True
Is 3 a factor of 278451?
True
Does 81 divide 942840?
True
Is 19 a factor of 215080?
True
Is 126 a factor of 34020?
True
Is 21726600 a multiple of 1225?
True
Is 52 a factor of 818239?
False
Is 1848275 a multiple of 843?
False
Does 30 divide 277055?
False
Is 15196 a multiple of 12?
False
Is 344 a factor of 293024?
False
Does 66 divide 1769665?
False
Does 46 divide 391000?
True
Is 229647 a multiple of 145?
False
Is 326340 a multiple of 90?
True
Is 186 a factor of 5000238?
True
Is 3046540 a multiple of 94?
True
Is 2209152 a multiple of 11?
True
Is 3928749 a multiple of 3?
True
Is 3950339 a multiple of 26?
False
Does 71 divide 19383?
True
Is 3690076 a multiple of 11?
False
Does 102 divide 981249?
False
Is 171264 a multiple of 54?
False
Does 12 divide 1415832?
True
Is 173269 a multiple of 3?
False
Does 30 divide 1121460?
True
Is 64 a factor of 8051146?
False
Does 69 divide 189129?
True
Is 58 a factor of 240584?
True
Is 205044 a multiple of 127?
False
Does 33 divide 698775?
True
Is 218669 a multiple of 43?
False
Is 487689 a multiple of 43?
False
Is 358 a factor of 1452764?
True
Is 5219820 a multiple of 188?
True
Does 17 divide 128941?
False
Is 38 a factor of 4961470?
True
Does 16 divide 14562?
False
Is 67 a factor of 108587?
False
Is 814698 a multiple of 27?
True
Is 2337140 a multiple of 370?
False
Does 916 divide 11947903?
False
Is 11 a factor of 38644?
False
Is 173402 a multiple of 277?
True
Does 21 divide 1060732?
False
Does 66 divide 662445?
False
Is 29446 a multiple of 2?
True
Is 127637 a multiple of 11?
False
Does 80 divide 44496?
False
Is 203468 a multiple of 5?
False
Does 84 divide 1383396?
True
Is 9 a factor of 299736?
True
Is 178 a factor of 1518162?
True
Does 15 divide 1013190?
True
Is 14736000 a multiple of 320?
True
Is 198 a factor of 534416?
False
Is 200030 a multiple of 38?
False
Is 63 a factor of 1008756?
True
Is 414792 a multiple of 168?
True
Is 3 a factor of 22909?
False
Is 181962 a multiple of 22?
True
Does 723 divide 3323568?
False
Does 2 divide 17255?
False
Is 220552 a multiple of 7?
False
Does 89 divide 35155?
True
Does 207 divide 420720?
False
Is 14463 a multiple of 5?
False
Is 17 a factor of 1694528?
False
Is 334257 a multiple of 47?
False
Does 77 divide 632096?
False
Is 80076 a multiple of 6?
True
Is 62 a factor of 50404?
False
Is 27654 a multiple of 14?
False
Is 2780960 a multiple of 26?
True
Is 1961810 a multiple of 10?
True
Is 32 a factor of 417257?
False
Does 33 divide 541928?
False
Is 14 a factor of 8691577?
False
Is 896184 a multiple of 72?
True
Is 72 a factor of 1219212?
False
Is 14 a factor of 11312714?
True
Does 124 divide 45136?
True
Is 39432 a multiple of 159?
True
Does 29 divide 22939?
True
Is 150 a factor of 250141?
False
Is 2075118 a multiple of 317?
False
Is 366538 a multiple of 217?
False
Does 15 divide 8769354?
False
Does 7 divide 614180?
True
Is 122880 a multiple of 15?
True
Is 1656586 a multiple of 176?
False
Is 11 a factor of 513689?
True
Is 13125462 a multiple of 31?
True
Is 23145 a multiple of 15?
True
Does 